m, -5*m + 8*m = 4*r - 9. Suppose 6 = o - q, 34*q + 3 = 4*o + 37*q. Let y(g) = -2*g + o*g - 113 + 107 - 7*g + 5*g. What is y(r)?
-6
Let d be -1 - ((-2)/5 - 126/35). Let a(m) = -141*m**3 - 137*m**3 - 1 - 143*m**3 - 3*m**2 + 420*m**d - 2*m. Determine a(-3).
5
Let p(v) = 1. Let x(y) be the second derivative of y**3/2 + 9*y**2 - 87*y. Let k(t) = -18*p(t) + x(t). What is k(-3)?
-9
Let a(i) = -44*i**3 - 1. Let b(y) = -y**3 + 3*y**2 + 16*y - 47. Let d be b(4). Give a(d).
-45
Let p(x) = 2*x**3 + 2*x**3 - 2*x**3 - 1 - 1657*x**2 - 3*x**3 + 1656*x**2. Let u be ((-8)/6)/(12/(-18)). Calculate p(u).
-13
Suppose -2*r - 20 = -14. Suppose -8*d - 4*d - 24 = 0. Let v be d/(-3)*3/(-6)*r. Let z(p) = 32*p**3 + p**2 - 1. What is z(v)?
32
Let n be ((-10)/(400/(-15)))/((-2)/(-16)). Let m(p) = -5*p + 597 - 1200 + 598 - p**n + 8*p**2. Determine m(7).
9
Suppose 4*h - 16 = -n, n - 5*h + 45 = -4*n. Let a be 3/(-1 + (-2)/n). Let w(u) = -31*u - 27*u + 59*u + 7. Give w(a).
1
Let r(n) = -12*n + 62. Let l be r(5). Let m(i) = -5 + 122*i - i**l - 112*i + 4. Determine m(9).
8
Let u(v) = 15*v + 6*v + 9 - 46 + 12 + 11. Give u(4).
70
Let k(j) = -14*j - 267. Suppose -290*g - 2394 = -164*g. Determine k(g).
-1
Let s(p) = 7*p. Let x be 20*(-1 + (-2)/(-4)). Suppose 0 = -17*c - 13 - 140. Let b = x - c. Give s(b).
-7
Let u(v) = -6*v - 18. Let o(p) = -51*p - 186. Let f(w) = 2*o(w) - 21*u(w). Determine f(-4).
-90
Let i(t) = 2*t**3 - 3*t - 4. Let k(h) = -6*h**3 + 7*h + 9. Let b(a) = -5*i(a) - 2*k(a). Let l = -18 - -16. Give b(l).
-16
Let o(m) be the third derivative of -m**6/120 + 3*m**5/20 - 5*m**4/12 - m**3/3 + 3504*m**2. Calculate o(8).
-18
Let d(t) = -8*t + 169. Let g be d(21). Let a(s) = -47*s**3 + 1. Calculate a(g).
-46
Suppose 0 = 10*q - 1043 + 143. Let r(n) = 96*n + q*n - 184*n - 6. Calculate r(12).
18
Let p(i) = 2*i - 8. Let x be 352/(-121) + 3 - 96/(-33). Give p(x).
-2
Let w(p) = 15*p - 30. Suppose -437 + 445 = -o + 4*f, 5*o - 3*f = 45. Calculate w(o).
150
Let p(i) = -i**2 + i + 7. Suppose -16*w - 2353 = -785. Let z be 0/(10/(-7) - (-56)/w). Determine p(z).
7
Let z(d) = -d**2 + 9*d - 14. Let m be z(6). Let y be (-3)/3*m + 7 + -4. Let c be ((-5)/(-5))/((-9)/6 - y). Let w(o) = 3*o**2 + 2*o - 2. Calculate w(c).
6
Let p(g) = g**2 + 2*g - 15. Suppose 3*f = v + 9, -f = -299 + 298. Calculate p(v).
9
Let i(a) be the first derivative of -8*a**2 - 52*a - 373. Determine i(-4).
12
Let h = 3615 + -3615. Let b(g) = 3*g**2 + g - 2. What is b(h)?
-2
Let a(q) be the first derivative of -q**3/3 + 3*q**2 + 3*q - 5. Suppose -42*u - 76 = -43*u. Let m be (-152)/u - (1/1 - 7). Give a(m).
11
Let v(k) = -74*k**2 - 31*k + 56. Let y(t) = -27*t**2 - 10*t + 17. Let n(p) = 4*v(p) - 11*y(p). What is n(12)?
13
Let h(u) = 14 - u + 18 + 18 - 49. Let j be 4/(-2) - (-3)/((-9)/6). Calculate h(j).
5
Let t(c) = c - 3. Let g(m) = m**3 + 7*m**2 + 4*m - 9. Let y be g(-6). Suppose 5*p = y*p + 2. Let l be p + (0 - (-3)/(-3)). Calculate t(l).
-3
Let o(k) = -4*k - 3. Let v(h) = -h**3 - 3*h**2 + 47*h - 15. Let w be v(-11). Let c = w + -441. What is o(c)?
17
Let s = -48 + 52. Suppose -s*p = -4*p - 4*p. Suppose p = -0*x - 0*x + 6*x. Let t(y) = -y + 5. Calculate t(x).
5
Let q(v) be the second derivative of 2*v**3/3 + 17*v**2 - 233*v. Give q(0).
34
Let l(g) = -4*g + 3. Suppose 4*z - 9 = 15. Suppose z*w = 2*w - 4. Let a be ((-1)/w)/(-2) - (-5)/2. Calculate l(a).
-5
Suppose -2*p - 3*p + 25 = 0. Suppose 11 = -p*h + 91. Suppose -11*n = -h*n - 10. Let d(m) = -2*m**2 + 3*m + 3. Give d(n).
-11
Let w(r) = 3*r**2 + 193*r - 298. Let t be w(-66). Let p(h) = -h**3 + 31*h**2 + 34*h - 80. Give p(t).
-16
Let i(d) be the second derivative of -7*d**3/3 + 9*d**2/2 + 3*d. Let t(l) = 5*l - 3. Let q = 181 - 185. Let a(x) = q*i(x) - 11*t(x). Give a(3).
0
Let x(t) = -t**2 - 9*t + 13. Let l(h) = h**2 + h - 2. Let p be l(3). Let k = 22 - 19. Suppose -p*z = -k*z + 70. What is x(z)?
3
Let t(d) be the third derivative of 7*d**4/8 + 653*d**3/6 - 1383*d**2 + 3. What is t(-31)?
2
Suppose -190*g + 191*g - 3 = 0. Let l(n) = 13 - 101*n**3 - 10*n**2 + 34*n**3 + 34*n**g + 7*n + 34*n**3. What is l(9)?
-5
Let o be (-2)/5 + 1/5*2. Let z(x) = 784*x - 3*x**2 + 6 + 7*x**3 + o*x**3 - 788*x. Let c(i) = i**3 - i**2 + 1. Let h(v) = 6*c(v) - z(v). Calculate h(-4).
0
Let x(u) = -u**2 - 41*u + 4. Suppose -5*q + 3*i - 199 = 0, -5*q + 21*i - 22*i - 207 = 0. Calculate x(q).
4
Let h(b) = -b + 2. Suppose r = -17 + 22. Suppose c - 35 = 3*j + j, -71 = -3*c - r*j. Let z = c + -27. Determine h(z).
2
Suppose 2*y - 70 = 2*u, -2*y - 32*u = -36*u - 80. Suppose 0*g - 4*g = 3*h + 21, 5*h + 5*g = -y. Let l(w) = -2*w**2 - 3*w - 3. Determine l(h).
-12
Let r(x) = 1. Let c(z) = -z**2 - 98*z - 282. Let p(w) = -c(w) + 5*r(w). Give p(-3).
2
Suppose -3*y - 98*n = -97*n - 23, -4*n = 4*y - 44. Let z(h) = 42*h - 250. Calculate z(y).
2
Let l(h) be the third derivative of -29*h**4/24 - 7*h**3/6 - 6506*h**2. What is l(-1)?
22
Let y(m) be the second derivative of -3*m + 0*m**2 + 1/6*m**3 - 4. Give y(5).
5
Suppose 0*x + 4*x = i - 261, 0 = -8*x + 4*i - 532. Let c(g) = 5*g**2 + 319*g - 63. Give c(x).
1
Let u(n) be the first derivative of -7*n**3/3 - 5*n**2/2 - 3*n - 1207. Determine u(-2).
-21
Let m(q) = -q**2 + 13*q + 289. Let i(s) = -s + 91. Let a(z) = 3*i(z) - m(z). Determine a(17).
1
Let s be 6/27 - (3 + 75/(-27)). Suppose -k = -n - s*k, -10 = -2*n - 3*k. Let r(z) = -11*z**n + 2*z + 7*z**2 + 4 + z - z. Calculate r(3).
-26
Let l(w) = -5*w + 92. Suppose 368*h + 257*h = 8125. Give l(h).
27
Let k = -61 + 56. Suppose 2*g + 3*u = 8, 21 = 4*g + 4*u + 5. Let c(s) = 6 + 2*s**3 + s**3 - 5*s**2 + s - g*s**3. What is c(k)?
1
Let d(p) = p**2 - 5*p + 4. Let m(f) = 42*f**2 + 43*f**2 + 21 - 80*f**2 - 24*f. Let l(q) = 11*d(q) - 2*m(q). Give l(3).
-10
Suppose 35*u + 615 = 50*u. Suppose -121 = 10*d - u. Let t(z) = 2*z + 4. Determine t(d).
-12
Let c(f) = f**3 - 9*f**2 + 43*f. Let k(d) = 2*d**3 - 16*d**2 + 90*d - 3. Let u(i) = -13*c(i) + 6*k(i). Calculate u(20).
2
Suppose 2*d + 4 = 3*f, -10 + 8 = d. Let x(y) = 3*y**2 + 1. Let u be x(-1). Suppose f = -u*q + q. Let p(s) = -s**3 - s - 15. Give p(q).
-15
Let k(w) = -w + 1. Let f(h) = h**3 + 21*h**2 + 4. Let r be f(-21). Suppose r*p + 2*v - 180 = v, 3*v = -5*p + 225. Suppose 5*a - 14*a + p = 0. Calculate k(a).
-4
Let j(w) = -w**3 + 4*w**2 + 5*w + 1. Let f = 37 + -47. Let g(k) = -k**3 - 9*k**2 + 9*k - 8. Let a be g(f). Let b be 27/6 + a/4. Give j(b).
1
Let j(h) = -27*h - 492. Let i be -19*(1 + 0) - 1/(-1). Calculate j(i).
-6
Let a = 1255/2 - 627. Let w(c) be the first derivative of -11 - a*c**2 + 0*c. Give w(2).
-2
Let l(t) = -4*t + 2. Suppose 5*h = 5*o + 2*h + 12, 0 = -4*o - 3*h + 12. Suppose 2*m + 7*m = o. Suppose -d - 3*n - 13 = m, -5*n - 7 = -d - 4*n. Give l(d).
-6
Let r(z) be the third derivative of z**6/120 + z**5/15 - z**4/3 - 3*z**3 - 883*z**2 - 2. Determine r(-5).
-3
Let i(r) = -r**2 - 6*r**3 + 467456*r + 4*r**3 + r**3 - 467453*r - 9. Calculate i(-4).
27
Let v(k) = -k + 9. Suppose -4*p + 8 = 0, -10*a + 4*p - 5 = -13*a. Let t = a + -7. What is v(t)?
17
Let b(w) be the third derivative of w**5/60 - w**4/6 - 5*w**3/6 + 12*w**2 + 1. Calculate b(0).
-5
Let h(l) be the third derivative of -l**9/7560 - l**7/5040 - l**6/720 - 43*l**5/60 - 16*l**2. Let m(p) be the third derivative of h(p). Determine m(-1).
8
Let p(q) = 3*q**3 + q**2 - 7*q - 20. Let n(i) = -i**3 + 2*i + 7. Let a(u) = -8*n(u) - 3*p(u). Let b(w) = w**3 + 2*w**2 - 6*w - 15. Let t be b(-2). What is a(t)?
-11
Let l(r) = r**3 + 7*r**2 + r - 2. Let n be l(-3). Let y(k) = -3 - 35*k + 2 + n*k. Let b(g) = -g**3 + 10*g**2 + 2. Let j be b(10). Give y(j).
-9
Let o(n) = n**2 + 16*n. Let s(g) = g**3 + 7*g**2 + 3*g + 6. Suppose -38*u = -48*u - 70. Let c be s(u). Determine o(c).
-15
Let y be (-2*15)/(((-18)/4)/(-3)). Let g = -18 - y. Suppose 3*d + g*d = 0. Let b(q) = -q**2 - q - 2. What is b(d)?
-2
Let k(q) = -q**3 + 8*q**2 + 23*q - 1. Let i(c) = -395*c + 2380. Let w be i(6). Determine k(w).
29
Let l(v) = -v**3 - 14*v**2 - 14*v + 18. Let g be l(-13). Suppose -4 = k - 31. Let t = g - k. Let s(o) = -o + 5. What is s(t)?
1
Let y(d) = 3*d + 29. Let r be y(-10). Let p(a) = 17*a**2 - 9*a - 8. Let q(s) = 19*s**2 - 6*s - 5. Let f(m) = -2*p(m) + 3*q(m). Give f(r).
24
Let f(y) = y**3 - 8*y**2 + 9*y - 5. Let u(r) = -4*r**2 - 23*r + 13. Let g = -2